e the prime factors of o(n)?
2, 7
Let k be (-6784)/(-14) + 3/7. Let y = k + -344. What are the prime factors of (-4)/6 + y/9?
3, 5
Let w(n) = n**2 - 4*n + 6. What are the prime factors of w(-6)?
2, 3, 11
Suppose 3*o + 2*g - 3239 = 0, -o + 1098 = -6*g + 3*g. List the prime factors of o.
3, 19
Let j = -625 + 1039. Suppose 0*k = -6*k + j. Let m = -41 + k. List the prime factors of m.
2, 7
Let c be 9/(-6) + 591/6. Let n be (-2)/(c/(-24) + 4). Suppose f + 0*i = -2*i + 34, f - 5*i - n = 0. What are the prime factors of f?
2, 19
Suppose 18*j - 14*j - 13352 = 0. What are the prime factors of j?
2, 1669
Suppose 4*k - 33 = k. Let i(s) = 5*s**2 - k*s**3 + 8*s - 4*s + 10*s**3. List the prime factors of i(3).
2, 3, 5
Suppose 2*m + 1 - 3 = -4*s, -3*m = s - 13. Let x(g) = 4*g**2 - 6*g - 12. List the prime factors of x(m).
2, 29
Let l = 4 - 1. Let u be -3 - (l - 86 - 1). Suppose 7*r + u = 10*r. List the prime factors of r.
3
Let l = 928 + -359. List the prime factors of l.
569
Suppose -1878 = -4*i + a, -3*i + 4*a + a = -1417. What are the prime factors of i?
7, 67
Let z be (-6)/(-4)*(-24)/4. Let w(m) = m**3 + 10*m**2 + 6*m + 17. List the prime factors of w(z).
2, 11
Let l(j) = -j**3 - 2*j**2 + 3. Let t be l(-2). Suppose -t*v = -23 - 523. List the prime factors of v.
2, 7, 13
Let i(o) = -6*o - 21. Let t be i(-8). Let x be (-18)/(-4)*16/6. Let d = t - x. What are the prime factors of d?
3, 5
Let d = -2869 + 6208. What are the prime factors of d?
3, 7, 53
Let m = 25 + -40. Let b = 45 - m. Suppose v + 2*v = b. List the prime factors of v.
2, 5
Let g = 180 + -78. Let k = 232 - g. List the prime factors of k.
2, 5, 13
Let d = 124 + -88. Suppose 0 - 4 = -q. Suppose 0*i = -q*i + d. What are the prime factors of i?
3
Let y(g) = -9*g - 5. Let k = -16 - -21. Let l(v) = -8*v - 6. Let d(w) = k*l(w) - 4*y(w). What are the prime factors of d(-7)?
2, 3
Suppose 0 = 11*w - 12*w + 228. List the prime factors of w.
2, 3, 19
Let r = 806 + -324. List the prime factors of r.
2, 241
What are the prime factors of (37/74)/((-1)/(-1333 - 1))?
23, 29
Suppose 2*h - 725 = -3*p + 1836, -3*h = 5*p - 3839. List the prime factors of h.
2, 7, 23
List the prime factors of (-6)/(-9) - (-37968)/18.
2, 5, 211
Let l be (-104)/(3 + -2 + -3). Let f = l - 16. List the prime factors of f/2*54/36.
3
Let s(n) = n**2 - 2*n - 4. Let w be s(-6). Let b = w - 30. What are the prime factors of b?
2, 7
Let j be 50/(-18) - (-4)/(-18). Let m(i) = 3*i**3 - 10*i**2 - 4. Let h be m(5). What are the prime factors of j/15 + h/5?
2, 3
Let d be (-4)/5*(-7 - (-133)/14). List the prime factors of d*(-9)/4*(-1664)/(-96).
2, 3, 13
Suppose 0 = 2*y + 2*a - 2598, -3904 = -3*y + 4*a - 0*a. List the prime factors of y.
2, 5, 13
Let v = 4556 - 3205. What are the prime factors of v?
7, 193
Suppose 86*k = 94*k - 14968. What are the prime factors of k?
1871
Suppose -n - 2*v + 1112 = 0, v - 2 = -1. What are the prime factors of n?
2, 3, 5, 37
Suppose -5*m = -9*s + 8*s + 633, -2*s - m = -1277. What are the prime factors of s?
2, 11, 29
List the prime factors of 693/66*(-46)/(-1).
3, 7, 23
Suppose -29*u + 8413 + 35783 = 0. List the prime factors of u.
2, 3, 127
Let z = -20 - -17. Let k be 1 + z*(-2)/(-6). What are the prime factors of k + (-2)/(-1) + 0?
2
List the prime factors of (-684)/(-2)*18/12.
3, 19
Suppose 5*g = 3*t + 8, 5*g = 3*t + 2*g + 18. Let q = -6 - t. Suppose k + k + 2*z - 88 = 0, k = -q*z + 48. List the prime factors of k.
43
Suppose -j - 3*j + 8 = 0. Suppose -4*l + 128 = -3*q, 0 = j*l - 6*l - 4*q + 100. List the prime factors of l.
29
Suppose -1915 = -5*b - 3*t, -b - 4*t - 42 + 442 = 0. What are the prime factors of b?
2, 5, 19
Let h = 13 + -13. Suppose h*v = -9*v + 837. List the prime factors of v.
3, 31
Let z = 11 - 19. Let q(y) = y**3 + 9*y**2 + 8*y + 2. Let s be q(z). Suppose 5*i + 4*m - 116 = 49, -m = -s*i + 79. What are the prime factors of i?
37
Let o(w) = 611*w - 9. List the prime factors of o(3).
2, 3, 19
Let w be (-40)/(-1) + (-12)/(-3). Let q = -15 + w. List the prime factors of q.
29
Let o = 21 + -18. List the prime factors of (-158)/(-3) + (-2)/o.
2, 13
Let t(g) = 5*g - 21. Let w be (25 - 2) + 0 + 2 + 1. What are the prime factors of t(w)?
109
Let j be (12/(-21))/(1/(-7)). Suppose j*h + 3*h = 805. What are the prime factors of h?
5, 23
Let t(s) be the second derivative of s**3/3 - 3*s**2 - 7*s. Let j be t(6). Suppose 6*y = 7*y - j. List the prime factors of y.
2, 3
Let h = -6 - 2. Let j be (h - 0)/4 - -49. Let x = j - 22. What are the prime factors of x?
5
Let s(g) = 5*g**2 - 17*g + 42. List the prime factors of s(14).
2, 7
Suppose 0 = 83*h - 28282 + 1058. What are the prime factors of h?
2, 41
Let r = -4515 - -6687. What are the prime factors of r?
2, 3, 181
What are the prime factors of 1714/(-6)*(-36 - -33)?
857
Let o(l) = 13*l + 4. Let p = 11 + -9. Let r = 1 + p. What are the prime factors of o(r)?
43
Let z be (-2)/(2*(-3)/12). Suppose -z*x = -2*x - 256. What are the prime factors of x?
2
Suppose -13*l + 4344 + 12257 = 0. What are the prime factors of l?
1277
Let p(z) = 5*z - 21. Let c be p(4). List the prime factors of ((-365)/(-6) - -1) + c/(-6).
2, 31
Suppose -109*a = -6405 - 2206. List the prime factors of a.
79
What are the prime factors of 8/(-44) + (-9528)/(-11)?
2, 433
Let k be (10/(-3))/(1/(-3)). Suppose 0 = -4*c - c - k. List the prime factors of (-275)/(-20) + c/(-8).
2, 7
Suppose -92*v = -152204 - 281116. What are the prime factors of v?
2, 3, 5, 157
Let t(z) be the first derivative of -33*z**2/2 - z - 1. Let n(i) = -47*i + 234. Let o be n(5). What are the prime factors of t(o)?
2
Let k(i) = -i**2 - 7*i. Let n be k(-10). List the prime factors of ((-627)/(-95))/((-2)/n).
3, 11
Let x(f) = 20*f**2 + 2*f + 4. Let g be x(-2). Suppose -g = -3*c - 2*m + 3*m, 0 = 2*c + m - 45. Let z = 72 - c. What are the prime factors of z?
47
Let m = -390 - -1016. Let a = m - 344. What are the prime factors of a?
2, 3, 47
Let t be (16/10)/((-4)/(-10)). Suppose 3*s = -t*w + 30, -4*w - 2*s + 50 - 18 = 0. Suppose -4*d = -5*v + w, 3*v - d - 4 = 7. List the prime factors of v.
5
Suppose -904 + 250 = -3*o. What are the prime factors of o?
2, 109
Suppose -2*z + 5*p = -438, -z - 2*p - 3*p = -204. What are the prime factors of z?
2, 107
Suppose 2 = 2*w - 2*x, -3*w + 3 = -0*w - 4*x. What are the prime factors of w - -2*(-157)/(-2)?
2, 79
Let w = -38 - -34. What are the prime factors of (2794/30 - 0) + w/30?
3, 31
Let h = -329 - -544. List the prime factors of h.
5, 43
Suppose 5*c + 2*f - f = 663, 2*f = 2*c - 258. List the prime factors of c.
2, 3, 11
Suppose 95*o + 1767 = 98*o. List the prime factors of o.
19, 31
Suppose 2*j - 4*j = -110. Let p = j - 30. What are the prime factors of 30/9*120/p?
2
Suppose 326 = 5*d - 79. Let m = 177 - d. What are the prime factors of m?
2, 3
Let i(j) = -j**2 + 2*j. Let m(k) = k**3 - 6*k**2 - 6*k - 4. Let d be m(7). Let p be i(d). Let v = 12 - p. List the prime factors of v.
3, 5
Suppose 86*j + 13561 = 90*j + 5*c, 16930 = 5*j + 2*c. What are the prime factors of j?
2, 3, 47
Let z = 13 + -12. Suppose 0 = -0*d - d + z. What are the prime factors of 39/d + (-7 - -3)?
5, 7
Suppose -9 = -5*b + 6. Let n = -513 + 516. Suppose -2*z + b*h = -67, -z + n*h - h = -35. What are the prime factors of z?
29
Let u = 4906 - 1120. List the prime factors of u.
2, 3, 631
Let x = -173 + 166. Let m(v) = 4*v**2 + 3*v - 30. List the prime factors of m(x).
5, 29
Let o = -16 - -18. Suppose -4*n + o*n = -30. Suppose v - 2 - n = 0. What are the prime factors of v?
17
List the prime factors of (-1 - 3 - -6) + 2949.
13, 227
Let y(b) = -25*b - 67. List the prime factors of y(-10).
3, 61
Let x be 1 + -23*(-2)/(-2). Let o = -31 - -61. Let s = o + x. List the prime factors of s.
2
Let j(w) = 47*w - 3. What are the prime factors of j(5)?
2, 29
Suppose 5*y - 15005 = 3*w, 55*y - 3*w = 58*y - 9003. List the prime factors of y.
3001
Suppose 4*t = -0*t + 32. Let j = -125 + 136. Suppose 0 = h - 2*d - 2, 4*h - t = -3*d + j. What are the prime factors of h?
2
Suppose -221 = 5*j - 86. What are the prime factors of ((-3)/9)/(3/j)?
3
Let z = 273 - -139. What are the prime factors of z?
2, 103
Suppose 5*h - 5*b = -60, -3*h - b - b = 11. Let u(m) = -m**2 - 11*m + 6. List the prime factors of u(h).
2, 17
Let k(c) = -c**3 - 5*c**2 + 2*